+ -17. What is the remainder when 58 is divided by 8/(-12) - 38/u?
10
Let c(b) = 2*b**2 + 4*b + 3. Let r(g) = 2*g + 4. Let m be r(-4). Suppose 3*t + 2*k = 1 + 20, -k + 28 = 4*t. What is the remainder when c(m) is divided by t?
5
Let k(x) = 5*x**2 + 166*x + 43. Calculate the remainder when 201 is divided by k(-33).
1
Let g = 20 - 17. Let k(y) = y**2 + y - 2. Let z be k(g). Calculate the remainder when (6/(-5))/((-4)/z) is divided by 3.
0
Let p(t) = -13*t + 186. Suppose 0 = -2*h - s + 8, 4*h - 2*s - 12 = -6*s. Calculate the remainder when p(13) is divided by h.
2
Let m(o) = -o**3 - 15*o**2 - 14*o + 10. Suppose 0 = 2*d + 3*d - 85. What is the remainder when d is divided by m(-14)?
7
Let c be 4/6 - 164/(-6). Let s = 28 + 18. Let a = s - c. Calculate the remainder when a is divided by 10.
8
Suppose -6*f + 1363 = -893. Calculate the remainder when f is divided by 103.
67
Suppose 250 = 5*d - 0*s + 5*s, -229 = -5*d + 2*s. What is the remainder when 982 is divided by d?
42
Suppose 2*h = 5*x + 86, -24 + 239 = 5*h + 4*x. Calculate the remainder when 122 is divided by h - 1/2*-2*-1.
38
Let p(s) = -6*s + 42. Calculate the remainder when 177 is divided by p(-2).
15
Suppose 0 = -37*l + 38*l - 34. Calculate the remainder when l is divided by 19.
15
Let x = -33 + 30. Let b(s) = s**2 + s - 4. Calculate the remainder when 2 is divided by b(x).
0
Let p(u) = u**2 + 15*u + 41. Calculate the remainder when p(-13) is divided by 8.
7
Let l(i) = -8*i - 7*i**3 - 2*i**2 + 4*i**3 + 4*i**3 - 2 + 0*i**3. Let a be l(-3). Let f = -14 - a. What is the remainder when f is divided by 5?
4
Suppose -100 = 5*v - 255. Let y(c) = c**3 + 11. Suppose -m + 4 = 4*d - d, 0 = 2*m - 8. What is the remainder when v is divided by y(d)?
9
Suppose q + 0*v - 16 = v, v + 92 = 5*q. Let s(u) = u**3 - 8. Let n be s(0). Calculate the remainder when q is divided by n/36 - 184/(-18).
9
Let s(g) = -g**2 + 9*g - 7. Let a = -216 + 243. Calculate the remainder when a is divided by s(7).
6
Let d(f) = f**3 + 4*f**2 - 4*f - 6. Let l = -40 - -9. Let w = -12 - l. What is the remainder when w is divided by d(-4)?
9
Let w = 5 - 29. Let n = w - -34. Let x = 68 + -31. Calculate the remainder when x is divided by n.
7
Suppose 2*x - 7*x = -200. Suppose l - 6 = x. Let g(h) = 13*h - 80. What is the remainder when l is divided by g(8)?
22
Let u(v) = -v**3 - 4*v**2 + 5*v + 1. Let g be u(-5). Let y be (4 - g)*40/(-12). Let z(l) = l**2 + 11*l + 17. Calculate the remainder when 11 is divided by z(y).
4
Let l = 408 - 158. Let t(m) = 8*m - 1. Calculate the remainder when l is divided by t(3).
20
Let o(x) = 14*x - 26. What is the remainder when o(7) is divided by 37?
35
Suppose -2*m - 2*m - 4*k = -920, 682 = 3*m - k. Suppose 8*a - m = 2*a. What is the remainder when a is divided by 5?
3
Let p = -284 - -479. Suppose -6*j - p = -11*j. Suppose 5*o - 7*o + 20 = 0. Calculate the remainder when j is divided by o.
9
Let q be 1/(6/(-15)*(-10)/(-12)). What is the remainder when (0 - -1 - 10)*q is divided by 5?
2
Suppose 2*d - 12 = d. Let c = -8 + d. Calculate the remainder when 4 is divided by c.
0
Suppose 0 = -24*y + 130 + 110. What is the remainder when 188 is divided by y?
8
Let c = -18 + 28. Let y = 16 - c. What is the remainder when 2/(-8) - (-85)/4 is divided by y?
3
Suppose -v + 80 + 45 = 0. Let d = v + 37. What is the remainder when d is divided by 42?
36
What is the remainder when -6*2*(-3)/9 is divided by (-2)/2*((-12)/6)/2?
0
Let z(g) = 4*g + 35. Calculate the remainder when z(-4) is divided by 10.
9
Let g = -2330 - -2362. What is the remainder when 296 is divided by g?
8
Suppose -l + 4*t + 1 - 7 = 0, 0 = 5*l + t + 30. Let s(w) = -3*w + 5. What is the remainder when s(l) is divided by 5?
3
Suppose -224*l = -207*l - 425. Calculate the remainder when 124 is divided by l.
24
Suppose 1260 = 101*u - 356. What is the remainder when 396 is divided by u?
12
Let j(t) = 24*t**3 - t. Let d be (-2 + 1 + -2)/(-3). Calculate the remainder when j(d) is divided by (-17520)/(-1360) + 4/34.
10
Suppose 3*a = 4*g - 111, 83 = 42*g - 39*g - 2*a. Calculate the remainder when 66*1/((-2)/(-4)) is divided by g.
24
Suppose 0 = 5*s + 1 - 31. Let l be 912/27 + 8/36. Let f = -25 + l. What is the remainder when f is divided by s?
3
Let t(w) = 2*w**3 + 16*w**2 + 11*w - 8. Calculate the remainder when 139 is divided by t(-7).
9
Let d(a) = a**3 - 11*a**2 + 28*a + 12. Calculate the remainder when 351 is divided by d(8).
43
Let u(l) = -3 - l**2 + 9*l**2 + 6*l - 2*l**3 - l**2 + 3*l**3. What is the remainder when 31 is divided by u(-5)?
14
Suppose g - 58 = 2. Suppose 0 = -z - 3*z + g. Suppose z*v = 14*v + 48. Calculate the remainder when v is divided by 17.
14
Let l(a) = 2*a - 37. Let c(v) = 4*v - 73. Let h(p) = -4*c(p) + 7*l(p). Calculate the remainder when 27 is divided by h(13).
6
Let v be (3*8/36)/((-6)/(-27)). Let y = v - -23. Calculate the remainder when y is divided by 9.
8
Suppose -j + 4 = -2*l, 4*l = 17 - 5. Let q = j - -36. What is the remainder when 135 is divided by q?
43
Suppose -3*d + 5*v - 3 = -26, 0 = -2*d - 5*v + 57. Let b(w) = 2*w**3 + 19*w**2 - 10*w + 6. Calculate the remainder when d is divided by b(-10).
4
Suppose 5*d - 480 = -4*f, -f - 3*f - 120 = -d. Suppose 3*l - d = -l. What is the remainder when ((-9)/(-12)*-2)/(12/(-592)) is divided by l?
24
Let v(b) = 16*b**2 - 45*b + 51. Let u(q) = 9*q**2 - 23*q + 25. Let p(h) = 7*u(h) - 4*v(h). Calculate the remainder when 73 is divided by p(14).
32
What is the remainder when 142 is divided by 76*-3*(-1)/6?
28
Let v(u) = -3 - 19*u - 3*u**2 + 2 + 21*u. Let w be v(4). Let m = 64 + w. Calculate the remainder when m is divided by 13.
10
Suppose -3*h + 3 = -4*h, -5*l = -h - 288. Calculate the remainder when 168 is divided by l.
54
Let h(d) = 2*d**2 + 51*d - 11. Calculate the remainder when 1 + 196/4 + 1 is divided by h(-26).
6
Calculate the remainder when ((-2)/(-1) + 13/(-13))*45 is divided by (399/(-76) - (-1)/2)*-4.
7
Suppose -10*l = 23 - 633. Let q = l - 36. What is the remainder when 74 is divided by q?
24
Let i(g) = 5*g - 30. Let x be i(7). Suppose 0 = -x*r + 411 + 294. Calculate the remainder when r is divided by 29.
25
Let i = -1292 + 1380. Calculate the remainder when 188 is divided by i.
12
Suppose 0 = -a + 2*a - 4, 5*m = 4*a - 6. Suppose 0*z + m*z = 166. What is the remainder when z is divided by 43?
40
Let x be 644/(-70) - (-4)/(-5). Let b = x + 121. Calculate the remainder when b is divided by 16.
15
Calculate the remainder when ((-85)/68)/((-1)/580) is divided by 66.
65
Let g be ((-12)/2)/3 + 16. Suppose -5*k + 4*k + g = 0. What is the remainder when k is divided by 2/9 + 301/63?
4
Suppose -h = 3*l - 10, 11 = -2*l - 4*h + 31. Suppose r + l*m - 1 = 4*r, -5*r - 2*m = -9. Calculate the remainder when 4 is divided by r.
0
Suppose -4*m = 4*v - 0*m + 28, v - 4*m - 18 = 0. What is the remainder when (-2 - (-20)/25)/(v/110) is divided by 17?
15
Suppose 9 = w - 4*c, -2*w + 0*c + 10 = -4*c. Let z(g) = g**2 - 7. Let i be z(3). Let b = i - 0. Calculate the remainder when b is divided by w.
0
Calculate the remainder when 64 is divided by 3/(-3)*2/(-2)*12.
4
Suppose 36*a - 1004 = 32*a + 4*f, -5*f = a - 227. Calculate the remainder when a is divided by 11.
5
What is the remainder when (-612)/(-6) - (3 - -2) is divided by 29?
10
Let a = 167 - 159. What is the remainder when 15 is divided by a?
7
Let h = 1139 - 570. Calculate the remainder when h is divided by 11.
8
Suppose 15*l - 163 - 107 = 0. Let g = -3 + 13. What is the remainder when l is divided by g?
8
Let y be ((-2)/2 - -4)/1. Suppose 2*z - y*z + 2*l = 13, -l + 65 = -5*z. Let t = z + 28. What is the remainder when t is divided by 8?
7
Suppose 0 = 5*h - 108 + 33. Calculate the remainder when h is divided by -5 - (-19 - (-2 + -8)).
3
Let r(b) = 116*b**2 - 17*b. What is the remainder when r(-1) is divided by 21?
7
Let d = 189 - 273. Let m = d + 90. Calculate the remainder when 11 is divided by m.
5
Suppose -45*u + 32*u + 1079 = 0. Calculate the remainder when u is divided by 19.
7
Let j = -286 + 326. Calculate the remainder when 54 is divided by j.
14
Suppose 3*h - l = 3 + 3, -2 = -h + 2*l. Calculate the remainder when 41 is divided by -2 - (-1 - h) - 3 - -18.
9
Let a(m) = m**2 - 22*m + 138. What is the remainder when 127 is divided by a(14)?
23
L